{"id":731,"date":"2025-03-27T13:33:11","date_gmt":"2025-03-27T10:33:11","guid":{"rendered":"http:\/\/localhost\/anka_new\/?post_type=product&#038;p=731"},"modified":"2025-10-14T22:12:16","modified_gmt":"2025-10-14T19:12:16","slug":"invenio-lite","status":"publish","type":"product","link":"https:\/\/ankadedektor.com\/index.php\/urun\/invenio-lite\/","title":{"rendered":"Invenio lite"},"content":{"rendered":"<h3>METAL DEDEKT\u00d6R\u00dc TEKNOLOJ\u0130LER\u0130NDE YEN\u0130 B\u0130R \u00c7A\u011eIN BA\u015eLANGICI! B\u0130P SESLER\u0130N\u0130N VE RAKAMLARIN \u00d6TES\u0130NE GE\u00c7\u0130N<\/h3>\n<p><img decoding=\"async\" data-src=\"https:\/\/www.noktadedektor.com\/wp-content\/uploads\/2021\/09\/nokta-makro-dedektor-invenio-lite-yapay-zeka.jpg\" alt=\"Invenio Lite G\u00f6r\u00fcnt\u00fcleme Sistemi Yapay Zeka Banner\" width=\"900\" height=\"auto\" src=\"data:image\/svg+xml;base64,PHN2ZyB3aWR0aD0iMSIgaGVpZ2h0PSIxIiB4bWxucz0iaHR0cDovL3d3dy53My5vcmcvMjAwMC9zdmciPjwvc3ZnPg==\" class=\"lazyload\" \/><\/p>\n<p>Invenio Lite, metal dedekt\u00f6r sekt\u00f6r\u00fcndeki bir hayalin ger\u00e7e\u011fe d\u00f6n\u00fc\u015fmesinde at\u0131lm\u0131\u015f devrim yarat\u0131c\u0131 ilk ve tek ad\u0131md\u0131r. Klasik metal dedekt\u00f6rlerinin ortaya \u00e7\u0131kt\u0131\u011f\u0131 1930\u2019lardan g\u00fcn\u00fcm\u00fcze kadar metal dedekt\u00f6rleri, teknolojideki geli\u015fmelere paralel olarak bir\u00e7ok yeni \u00f6zelli\u011fi sunmu\u015f olmay\u0131 ba\u015farmakla beraber, kullan\u0131c\u0131lar\u0131n beklentilerini tam anlam\u0131yla kar\u015f\u0131lamakta yetersiz kalm\u0131\u015flard\u0131r. Bak\u0131ld\u0131\u011f\u0131nda, sekt\u00f6rdeki di\u011fer rakip firmalar y\u0131llard\u0131r metal dedekt\u00f6r teknolojilerinde bir\u00e7ok patentin alt\u0131na imza atm\u0131\u015f, ancak bug\u00fcn gelinen noktada bile hedefe sesli uyar\u0131 vermenin ve hedef ID say\u0131lar\u0131 ile metal ayr\u0131m\u0131 yapman\u0131n \u00f6tesine ge\u00e7ememi\u015f ve benzer noktalarda t\u0131kanm\u0131\u015flard\u0131r.<\/p>\n<p><b>Oysa kullan\u0131c\u0131lar g\u00fcn\u00fcm\u00fcze kadar bir dedekt\u00f6rden hep daha fazlas\u0131n\u0131 beklemi\u015flerdir:<\/b><br \/>\n<b>1.<\/b> Daha derindeki hedefleri ke\u015ffetmeyi<br \/>\n<b>2.<\/b> Tespit edilen hedefin ne t\u00fcr bir metal oldu\u011funu bilmeyi<br \/>\n<b>3.<\/b> Hedeflerin ger\u00e7ek derinli\u011fini<br \/>\n<b>4.<\/b> Hedeflerin \u015fekillerini veya formlar\u0131n\u0131 g\u00f6rmeyi<br \/>\n<b>5.<\/b> Hedeflerin boyutlar\u0131n\u0131 tespit etmeyi<\/p>\n<p>Nokta Dedekt\u00f6r kuruldu\u011fu ilk g\u00fcnden beri kullan\u0131c\u0131lar\u0131n bu hayalini ger\u00e7e\u011fe d\u00f6n\u00fc\u015ft\u00fcrmek ad\u0131na ad\u0131mlar atmaya ba\u015flam\u0131\u015f ve uzun y\u0131llar s\u00fcren yo\u011fun Ar-Ge ve y\u00fcksek m\u00fchendislik \u00e7al\u0131\u015fmalar\u0131 sonucu, t\u00fcm teknolojisi kendine ait olan ve 3 ayr\u0131 konuda patent ba\u015fvurusu yap\u0131lm\u0131\u015f, d\u00fcnyan\u0131n ilk ak\u0131ll\u0131 dedekt\u00f6r ve g\u00f6r\u00fcnt\u00fcleme sistemi Invenio Lite\u2019\u0131 geli\u015ftirmeyi ba\u015fararak bug\u00fcn gururla kullan\u0131c\u0131lar\u0131na sunmu\u015ftur.<\/p>\n<p>Invenio Lite geli\u015ftirilmeye a\u00e7\u0131k bir platform olarak tasarlanm\u0131\u015f olup, gelecekte t\u00fcm hobi dedekt\u00f6rlerinin (tek para ve buluntu dedekt\u00f6rleri) yan\u0131 s\u0131ra do\u011fal alt\u0131n par\u00e7ac\u0131klar\u0131n\u0131 tespit eden alt\u0131n dedekt\u00f6rlerine de uygulanmas\u0131 ama\u00e7lanmaktad\u0131r.<\/p>\n<h3>TOPRAK ALTINDAK\u0130 METALLER\u0130N DER\u0130NL\u0130\u011e\u0130N\u0130 VE BOYUTLARINI G\u00d6STEREN, AYRIM YAPAB\u0130LEN, D\u00dcNYANIN \u0130LK GER\u00c7EK ZAMANLI AKILLI DEDEKT\u00d6R VE G\u00d6R\u00dcNT\u00dcLEME S\u0130STEM\u0130<\/h3>\n<p><img decoding=\"async\" data-src=\"https:\/\/www.noktadedektor.com\/wp-content\/uploads\/2018\/07\/invenio-iptu-sensor-banner.jpg\" alt=\"Invenio Lite G\u00f6r\u00fcnt\u00fcleme Sistemi IPTU Sens\u00f6r Banner\" src=\"data:image\/svg+xml;base64,PHN2ZyB3aWR0aD0iMSIgaGVpZ2h0PSIxIiB4bWxucz0iaHR0cDovL3d3dy53My5vcmcvMjAwMC9zdmciPjwvc3ZnPg==\" class=\"lazyload\" \/><\/p>\n<p><b>IPTU SENS\u00d6R (Integrated Positional Tracking Unit)<\/b><br \/>\nNokta Dedekt\u00f6r taraf\u0131ndan geli\u015ftirilmi\u015f olan IPTU \u00fcnitesi, i\u00e7indeki sens\u00f6rler yard\u0131m\u0131 ile bobinin sa\u011f-sol, ileri-geri hareketlerini hassas olarak hesaplayarak konumunu ve yerden y\u00fcksekli\u011fini tespit etmeye yarar. IPTU sens\u00f6r ile tarad\u0131\u011f\u0131n\u0131z alan\u0131n ba\u015flang\u0131\u00e7 ve biti\u015f noktalar\u0131n\u0131 ekrandan takip edebilir ve tespit etti\u011finiz hedeflerin konumlar\u0131n\u0131 bu alan \u00fczerinde g\u00f6rebilirsiniz. Ayr\u0131ca IPTU sens\u00f6r\u00fcn yard\u0131m\u0131yla tarad\u0131\u011f\u0131n\u0131z alan\u0131n enini ve boyunu, tespit edilen hedefin tahmini derinli\u011fini, \u015feklini ve boyutlar\u0131n\u0131 da tespit edebilirsiniz.<\/p>\n<p><img decoding=\"async\" data-src=\"https:\/\/www.noktadedektor.com\/wp-content\/uploads\/2021\/09\/nokta-makro-dedektor-invenio-lite-gomulu-metal-tablosu.png\" alt=\"Invenio Lite G\u00f6r\u00fcnt\u00fcleme Sistemi G\u00f6m\u00fcl\u00fc Metal Tablosu\" width=\"900\" src=\"data:image\/svg+xml;base64,PHN2ZyB3aWR0aD0iMSIgaGVpZ2h0PSIxIiB4bWxucz0iaHR0cDovL3d3dy53My5vcmcvMjAwMC9zdmciPjwvc3ZnPg==\" class=\"lazyload\" \/><\/p>\n<p><b>ARAMA VE SONU\u00c7 EKRANLARI<\/b><br \/>\nGer\u00e7ek Sahada Toprak Alt\u0131 Testi<\/p>\n<div><img decoding=\"async\" class=\"saga-al lazyload\" data-src=\"https:\/\/www.noktadedektor.com\/wp-content\/uploads\/2018\/07\/gomulumetaller-1-tr-1.jpg\" alt=\"Invenio Lite G\u00f6r\u00fcnt\u00fcleme Sistemi G\u00f6m\u00fcl\u00fc Metaller 1\" src=\"data:image\/svg+xml;base64,PHN2ZyB3aWR0aD0iMSIgaGVpZ2h0PSIxIiB4bWxucz0iaHR0cDovL3d3dy53My5vcmcvMjAwMC9zdmciPjwvc3ZnPg==\" \/><img decoding=\"async\" class=\"saga-al lazyload\" data-src=\"https:\/\/www.noktadedektor.com\/wp-content\/uploads\/2018\/07\/gomulumetaller-2-tr-1.jpg\" alt=\"Invenio Lite G\u00f6r\u00fcnt\u00fcleme Sistemi G\u00f6m\u00fcl\u00fc Metaller 2\" src=\"data:image\/svg+xml;base64,PHN2ZyB3aWR0aD0iMSIgaGVpZ2h0PSIxIiB4bWxucz0iaHR0cDovL3d3dy53My5vcmcvMjAwMC9zdmciPjwvc3ZnPg==\" \/><img decoding=\"async\" class=\"saga-al lazyload\" data-src=\"https:\/\/www.noktadedektor.com\/wp-content\/uploads\/2018\/07\/gomulumetaller-3-tr-1.jpg\" alt=\"Invenio Lite G\u00f6r\u00fcnt\u00fcleme Sistemi G\u00f6m\u00fcl\u00fc Metaller 3\" src=\"data:image\/svg+xml;base64,PHN2ZyB3aWR0aD0iMSIgaGVpZ2h0PSIxIiB4bWxucz0iaHR0cDovL3d3dy53My5vcmcvMjAwMC9zdmciPjwvc3ZnPg==\" \/><img decoding=\"async\" class=\"saga-al lazyload\" data-src=\"https:\/\/www.noktadedektor.com\/wp-content\/uploads\/2018\/07\/gomulumetaller-4-tr-1.jpg\" alt=\"Invenio Lite G\u00f6r\u00fcnt\u00fcleme Sistemi G\u00f6m\u00fcl\u00fc Metaller 4\" src=\"data:image\/svg+xml;base64,PHN2ZyB3aWR0aD0iMSIgaGVpZ2h0PSIxIiB4bWxucz0iaHR0cDovL3d3dy53My5vcmcvMjAwMC9zdmciPjwvc3ZnPg==\" \/><\/div>\n<hr \/>\n<ul class=\"det-icn\">\n<li><span class=\"nm-icn-txt\"><b>Yapay Zeka ile \u00d6\u011frenebilme : <\/b>Yapay Sinir A\u011f\u0131, uyarlan\u0131r \u00f6\u011frenme algoritmalar\u0131 kullanarak, cihaz\u0131n \u00e7ok daha iyi \u015fekiller \u00e7\u0131kartmas\u0131n\u0131 ve derinlik bilgisi vermesini sa\u011flar!<\/span><\/li>\n<li><span class=\"nm-icn-txt\"><b>\u00c7ok Ama\u00e7l\u0131 : <\/b>Invenio Lite ile bulabilece\u011finiz hedefler: Derindeki b\u00fcy\u00fck hazineler, tek paralar, metalden yap\u0131lm\u0131\u015f eski eserler\u2026 K\u0131sacas\u0131 toprak alt\u0131nda arad\u0131\u011f\u0131n\u0131z her \u015fey!<\/span><\/li>\n<li><span class=\"nm-icn-txt\"><b>Y\u00fcksek Performans ve E\u015fsiz Derinlik : <\/b>Di\u011fer dedekt\u00f6rlerin tespit edemedi\u011fi derinlerdeki hazineleri siz ke\u015ffedin.<\/span><\/li>\n<li><span class=\"nm-icn-txt\"><b>2 Statik Arama Modu:<\/b> Temel \/ Uzman <b>1 Dinamik Arama Modu:<\/b> Derin<\/span><\/li>\n<\/ul>\n<p><img decoding=\"async\" data-src=\"https:\/\/www.noktadedektor.com\/wp-content\/uploads\/2021\/09\/nokta-makro-dedektor-invenio-lite-frekans-banner.jpg\" alt=\"Invenio Lite G\u00f6r\u00fcnt\u00fcleme Sistemi Frekans Banner\" width=\"900\" height=\"auto\" src=\"data:image\/svg+xml;base64,PHN2ZyB3aWR0aD0iMSIgaGVpZ2h0PSIxIiB4bWxucz0iaHR0cDovL3d3dy53My5vcmcvMjAwMC9zdmciPjwvc3ZnPg==\" class=\"lazyload\" \/><\/p>\n<ul class=\"det-icn\">\n<li><span class=\"nm-icn-txt\"><b>\u0130nternetten Yaz\u0131l\u0131m G\u00fcncelleme : <\/b>Dedekt\u00f6r\u00fcn\u00fcz\u00fc her zaman g\u00fcncel tutarak (PC \u00fczerinden USB ba\u011flant\u0131s\u0131 ile) en iyi performans\u0131 al\u0131n.<\/span><\/li>\n<li><span class=\"nm-icn-txt\"><b>2.4GHz Kablosuz Ba\u011flant\u0131 : <\/b>Invenio Lite sistem kutusu ve arama kolu kablosuz olarak haberle\u015fir. Ayr\u0131ca, kablolu kulakl\u0131k tercih etmeyen kullan\u0131c\u0131lar, harici olarak sat\u0131lan 2.4GHz kablosuz kulakl\u0131\u011f\u0131 sat\u0131n alabilirler.<\/span><\/li>\n<li><span class=\"nm-icn-txt\"><b>Titre\u015fim : <\/b>Bu \u00f6zellik aktifken Invenio Lite bir hedef buldu\u011funda titre\u015fim ile uyar\u0131 verir. \u0130\u015fitme engelli kullan\u0131c\u0131lar ve y\u00fcksek g\u00fcr\u00fclt\u00fcl\u00fc ortamlar i\u00e7in vazge\u00e7ilmez bir \u00f6zelliktir.<\/span><\/li>\n<\/ul>\n<p><img decoding=\"async\" data-src=\"https:\/\/www.noktadedektor.com\/wp-content\/uploads\/2021\/09\/nokta-makro-dedektor-invenio-lite-kullanim-alanlari.jpg\" alt=\"Invenio Lite G\u00f6r\u00fcnt\u00fcleme Sistemi Kullan\u0131m Alanlar\u0131\" width=\"900\" height=\"auto\" src=\"data:image\/svg+xml;base64,PHN2ZyB3aWR0aD0iMSIgaGVpZ2h0PSIxIiB4bWxucz0iaHR0cDovL3d3dy53My5vcmcvMjAwMC9zdmciPjwvc3ZnPg==\" class=\"lazyload\" \/><\/p>\n<ul class=\"det-icn\">\n<li><span class=\"nm-icn-txt\"><b>M\u00fckemmel Ayr\u0131m Kabiliyeti : <\/b>Sadece arad\u0131\u011f\u0131n\u0131z hedefleri bulun ve istemedi\u011finiz metalleri kazmak i\u00e7in zaman harcamay\u0131n.<\/span><\/li>\n<li><span class=\"nm-icn-txt\"><b>\u00c7ok Y\u00fcksek Metal Alg\u0131lama H\u0131z\u0131 : <\/b>Di\u011fer dedekt\u00f6rlerin demir ve at\u0131klar aras\u0131nda ka\u00e7\u0131rd\u0131klar\u0131n\u0131 bulmaya haz\u0131r olun!<\/span><\/li>\n<li><span class=\"nm-icn-txt\"><b>LED I\u015f\u0131k ve Ekran Ayd\u0131nlatma : <\/b>Invenio Lite\u2019\u0131n ekran ayd\u0131nlatmas\u0131 ve arama yapt\u0131\u011f\u0131n\u0131z alan\u0131 ayd\u0131nlatan LED \u0131\u015f\u0131\u011f\u0131 sayesinde karanl\u0131kta da arama yapabilirsiniz.<\/span><\/li>\n<li><span class=\"nm-icn-txt\"><b>Ar\u015fiv : <\/b>T\u00fcm 3D grafikleri ve ekran g\u00f6r\u00fcnt\u00fclerini kaydedebilir, dilerseniz PC\u2019nize aktarabilirsiniz.<\/span><\/li>\n<\/ul>\n<p>&nbsp;<\/p>\n<p><img fetchpriority=\"high\" decoding=\"async\" class=\"alignnone wp-image-530\" src=\"https:\/\/ankadedektor.com\/wp-content\/uploads\/2025\/03\/nokta-makro-dedektor-invenio-lite-paket-icerigi.jpg.png\" alt=\"\" width=\"831\" height=\"513\" \/><\/p>\n<p>&nbsp;<\/p>\n","protected":false},"excerpt":{"rendered":"<p>METAL DEDEKT\u00d6R\u00dc TEKNOLOJ\u0130LER\u0130NDE YEN\u0130 B\u0130R \u00c7A\u011eIN BA\u015eLANGICI!<\/p>\n","protected":false},"featured_media":606,"comment_status":"open","ping_status":"closed","template":"","meta":[],"product_brand":[49],"product_cat":[21,22,25,15,24,56],"product_tag":[],"class_list":{"0":"post-731","1":"product","2":"type-product","3":"status-publish","4":"has-post-thumbnail","6":"product_brand-nokta","7":"product_cat-all","8":"product_cat-dedektorler","9":"product_cat-define","10":"product_cat-genel","11":"product_cat-goruntuleme","12":"product_cat-nokta-urunleri","14":"first","15":"instock","16":"taxable","17":"shipping-taxable","18":"purchasable","19":"product-type-simple"},"_links":{"self":[{"href":"https:\/\/ankadedektor.com\/index.php\/wp-json\/wp\/v2\/product\/731","targetHints":{"allow":["GET"]}}],"collection":[{"href":"https:\/\/ankadedektor.com\/index.php\/wp-json\/wp\/v2\/product"}],"about":[{"href":"https:\/\/ankadedektor.com\/index.php\/wp-json\/wp\/v2\/types\/product"}],"replies":[{"embeddable":true,"href":"https:\/\/ankadedektor.com\/index.php\/wp-json\/wp\/v2\/comments?post=731"}],"wp:featuredmedia":[{"embeddable":true,"href":"https:\/\/ankadedektor.com\/index.php\/wp-json\/wp\/v2\/media\/606"}],"wp:attachment":[{"href":"https:\/\/ankadedektor.com\/index.php\/wp-json\/wp\/v2\/media?parent=731"}],"wp:term":[{"taxonomy":"product_brand","embeddable":true,"href":"https:\/\/ankadedektor.com\/index.php\/wp-json\/wp\/v2\/product_brand?post=731"},{"taxonomy":"product_cat","embeddable":true,"href":"https:\/\/ankadedektor.com\/index.php\/wp-json\/wp\/v2\/product_cat?post=731"},{"taxonomy":"product_tag","embeddable":true,"href":"https:\/\/ankadedektor.com\/index.php\/wp-json\/wp\/v2\/product_tag?post=731"}],"curies":[{"name":"wp","href":"https:\/\/api.w.org\/{rel}","templated":true}]}}