{"id":697,"date":"2025-03-26T21:35:23","date_gmt":"2025-03-26T18:35:23","guid":{"rendered":"http:\/\/localhost\/anka_new\/?post_type=product&#038;p=697"},"modified":"2025-10-14T22:07:46","modified_gmt":"2025-10-14T19:07:46","slug":"accupoint","status":"publish","type":"product","link":"https:\/\/ankadedektor.com\/index.php\/urun\/accupoint\/","title":{"rendered":"AccuPOINT Pointer"},"content":{"rendered":"<h3><\/h3>\n<h3><img fetchpriority=\"high\" decoding=\"async\" class=\"alignnone wp-image-136\" src=\"https:\/\/ankadedektor.com\/wp-content\/uploads\/2025\/03\/nokta-accupoint-slider-mobile.png\" alt=\"\" width=\"544\" height=\"395\" \/><\/h3>\n<h3>DAHA AKILLI VE HIZLI HEDEF TESP\u0130T\u0130<\/h3>\n<p><strong>AccuPOINT,<\/strong>\u00a0metal arama deneyiminizi sorunsuz ve m\u00fckemmel hale getirmek i\u00e7in titizlikle tasarland\u0131. Tek tu\u015fla kolayca y\u00f6nlendirebilece\u011finiz men\u00fcs\u00fc ve renkli LCD ekran\u0131 sayesinde, hem deneyimli kullan\u0131c\u0131lar hem de yeni ba\u015flayanlar i\u00e7in e\u015fsiz bir kullan\u0131m kolayl\u0131\u011f\u0131 sunar.<\/p>\n<p><strong>Renkli LCD Ekran:<\/strong>\u00a0Y\u00fcksek \u00e7\u00f6z\u00fcn\u00fcrl\u00fckl\u00fc renkli LCD ekran, ihtiyac\u0131n\u0131z olan t\u00fcm bilgileri do\u011frudan g\u00f6zlerinizin \u00f6n\u00fcne serer. Kullan\u0131c\u0131 dostu aray\u00fcz\u00fcm\u00fcz, ayarlara sorunsuz eri\u015fimi sa\u011flayarak hedefleri tespit etmeyi kolayla\u015ft\u0131r\u0131r.<\/p>\n<p><strong>Bluetooth\u00ae Ba\u011flant\u0131s\u0131:<\/strong>\u00a0AccuPOINT ile Nokta BT Kulakl\u0131k veya di\u011fer gecikmesiz Bluetooth\u00ae kulakl\u0131klara ba\u011flanarak kablosuz ses deneyiminin keyfini \u00e7\u0131kar\u0131n.<\/p>\n<p><strong>\u0130leri Seviye Ayr\u0131m:<\/strong>\u00a0Demir \/ De\u011ferli tonlar\u0131m\u0131<\/p>\n<p>z\u0131 kullanarak hedefleri belirlerken daha az at\u0131k metal tespit etmenizi sa\u011flar.<\/p>\n<h3><img decoding=\"async\" class=\"alignnone wp-image-489 lazyload\" data-src=\"https:\/\/ankadedektor.com\/wp-content\/uploads\/2025\/03\/accopoint-teknik-ozellikler.png.png\" alt=\"\" width=\"581\" height=\"340\" src=\"data:image\/svg+xml;base64,PHN2ZyB3aWR0aD0iMSIgaGVpZ2h0PSIxIiB4bWxucz0iaHR0cDovL3d3dy53My5vcmcvMjAwMC9zdmciPjwvc3ZnPg==\" style=\"--smush-placeholder-width: 581px; --smush-placeholder-aspect-ratio: 581\/340;\" \/><\/h3>\n","protected":false},"excerpt":{"rendered":"<p>DAHA AKILLI VE HIZLI HEDEF TESP\u0130T\u0130 AccuPOINT,\u00a0metal arama deneyiminizi sorunsuz ve m\u00fckemmel hale getirmek i\u00e7in titizlikle tasarland\u0131. Tek tu\u015fla kolayca y\u00f6nlendirebilece\u011finiz men\u00fcs\u00fc ve renkli LCD ekran\u0131 sayesinde, hem deneyimli kullan\u0131c\u0131lar hem de yeni ba\u015flayanlar i\u00e7in e\u015fsiz bir kullan\u0131m kolayl\u0131\u011f\u0131 sunar. Renkli LCD Ekran:\u00a0Y\u00fcksek \u00e7\u00f6z\u00fcn\u00fcrl\u00fckl\u00fc renkli LCD ekran, ihtiyac\u0131n\u0131z olan t\u00fcm bilgileri do\u011frudan g\u00f6zlerinizin \u00f6n\u00fcne serer. [&hellip;]<\/p>\n","protected":false},"featured_media":598,"comment_status":"open","ping_status":"closed","template":"","meta":[],"product_brand":[49],"product_cat":[21,15,56,54,52],"product_tag":[71,68],"class_list":{"0":"post-697","1":"product","2":"type-product","3":"status-publish","4":"has-post-thumbnail","6":"product_brand-nokta","7":"product_cat-all","8":"product_cat-genel","9":"product_cat-nokta-urunleri","10":"product_cat-pinpointer","11":"product_cat-sualti","12":"product_tag-anka-dedektor","13":"product_tag-nokta-dedektor","15":"first","16":"instock","17":"taxable","18":"shipping-taxable","19":"purchasable","20":"product-type-simple"},"_links":{"self":[{"href":"https:\/\/ankadedektor.com\/index.php\/wp-json\/wp\/v2\/product\/697","targetHints":{"allow":["GET"]}}],"collection":[{"href":"https:\/\/ankadedektor.com\/index.php\/wp-json\/wp\/v2\/product"}],"about":[{"href":"https:\/\/ankadedektor.com\/index.php\/wp-json\/wp\/v2\/types\/product"}],"replies":[{"embeddable":true,"href":"https:\/\/ankadedektor.com\/index.php\/wp-json\/wp\/v2\/comments?post=697"}],"wp:featuredmedia":[{"embeddable":true,"href":"https:\/\/ankadedektor.com\/index.php\/wp-json\/wp\/v2\/media\/598"}],"wp:attachment":[{"href":"https:\/\/ankadedektor.com\/index.php\/wp-json\/wp\/v2\/media?parent=697"}],"wp:term":[{"taxonomy":"product_brand","embeddable":true,"href":"https:\/\/ankadedektor.com\/index.php\/wp-json\/wp\/v2\/product_brand?post=697"},{"taxonomy":"product_cat","embeddable":true,"href":"https:\/\/ankadedektor.com\/index.php\/wp-json\/wp\/v2\/product_cat?post=697"},{"taxonomy":"product_tag","embeddable":true,"href":"https:\/\/ankadedektor.com\/index.php\/wp-json\/wp\/v2\/product_tag?post=697"}],"curies":[{"name":"wp","href":"https:\/\/api.w.org\/{rel}","templated":true}]}}